+ d. Let h = 173 + -75. What is the remainder when h is divided by q?
23
Suppose 4*l = -4*g + 20, 3*g - 4*l - 8 = 14. What is the remainder when (-312)/(-208)*((-2)/(-1) - -76) is divided by g?
3
Let h = -671 + 521. Let l be ((-257)/(-2))/((-1)/(-2)). Let s = l + h. Calculate the remainder when s is divided by 36.
35
Suppose 0 = 2*j + 5*g - 172, -2*j + 133 = -2*g - 39. What is the remainder when 3095 is divided by j?
85
Suppose -40 - 20 = -12*u. Let h = 42 - u. Suppose 2*a = 20 - 4. What is the remainder when h is divided by a?
5
Suppose 0 = -3*k - 3*r + 200 + 34, -k + 43 = -6*r. What is the remainder when 215 is divided by k?
69
Suppose w = -4*c + 107, -43*w + 114 = 3*c - 46*w. Calculate the remainder when 10023 is divided by c.
18
Suppose 2709 = 28*j + 189. What is the remainder when 356 is divided by j?
86
Let u = 61 - -21. Suppose u*q - 89*q = -28. Calculate the remainder when 81 is divided by q.
1
Let a be -61 + 14/(-5) + (-2)/10. Let k = -39 - a. Calculate the remainder when k is divided by 13.
12
Let r = 402 - 392. What is the remainder when 107 is divided by (-56)/r*(-2)/(-4)*-5?
9
Let c = 88 - 88. Suppose c*l = 3*l + 3*v - 336, 3*l - 5*v = 344. What is the remainder when l is divided by 53?
7
Suppose -460*n + 1030 = -458*n - 4*a, 4*n = 4*a + 2076. What is the remainder when n is divided by 133?
124
Suppose -35*m = -31*m - 4*d - 5192, d + 3 = 0. Calculate the remainder when m is divided by 22.
19
Let w be (-55)/(-33) + (-2344)/6. Let p = w - -209. What is the remainder when 176 is divided by 6/(-10) + 27/p*-124?
14
Let s be 1/(-5) + 456/30. Let v be (399/s - 2/(-5)) + -1. Suppose 7*w - 30 - v = 0. What is the remainder when w is divided by 2?
0
Let c = -222 - -399. What is the remainder when c is divided by 26?
21
Let j(l) = 3*l**3 + 10*l**2 - 184*l + 109. Suppose 2*z = -z + 87. Calculate the remainder when z is divided by j(6).
3
Let u = 660 - 303. Calculate the remainder when u is divided by (-8)/60 - (9376/(-120) + 4).
61
Let d(f) = 161*f + 26. Let o(l) = -53*l - 9. Let n(k) = 2*d(k) + 7*o(k). What is the remainder when 111 is divided by n(-1)?
35
Let z(t) = 28*t**2 + 364*t + 1786. What is the remainder when 3338 is divided by z(-5)?
8
Let o(s) = s**2 + 6*s + 15. Suppose 3*u - 6 - 3 = 0. Suppose b = l - 4*l + 83, -5*b - 71 = -u*l. What is the remainder when l is divided by o(-6)?
12
Let d(c) = -8*c**2 - c + 1. Let i be d(-4). Let l = -998 + 895. Let n = l - i. Calculate the remainder when 86 is divided by n.
6
Suppose 3*o = 5*b + 5*o - 25, b - 5 = 3*o. Let n(h) = -b*h + 8 - 2*h + 6*h + 10*h + h**2. Calculate the remainder when 87 is divided by n(-10).
15
Suppose u + 4*c - 307 = 0, -u + 3*c - 1501 = -6*u. Let b = -274 + u. Calculate the remainder when b is divided by 13.
12
Suppose 91 - 325 = -13*d. Suppose -p = 2*p + 6, p - d = -2*o. What is the remainder when 360/(-16)*((-26)/o - 1) is divided by 7?
4
Let h = -4661 - -4931. What is the remainder when h is divided by 75?
45
Suppose -429387 = -168*s + 41*s + 423545. What is the remainder when s is divided by 60?
56
Let o = -3027 + 3299. What is the remainder when o is divided by 41?
26
Let b(m) = 263*m + 2435. Calculate the remainder when 2290 is divided by b(-9).
46
Let u = 95 + -88. Let x(l) = -2*l + 8 - 5*l + 0*l + 9*l**2 - u*l**2. What is the remainder when 18 is divided by x(3)?
3
Let n(t) = 12*t + 33. What is the remainder when 88 is divided by n(-1)?
4
Let c be 4/(-22) - -827*1/11. Suppose -153 = -3*g + c. What is the remainder when g is divided by 40?
36
Let f be (-180)/(-21) + (-15)/(-35). Let q(o) = 2*o + 13. Suppose 5*r - 45 = 45. What is the remainder when q(f) is divided by r?
13
Let g(a) = -a**3 + 8*a**2 - 5*a - 5. Suppose 8 = 6*i - 34. Let p be g(i). Suppose -p*o + 26 + 28 = 0. Calculate the remainder when 9 is divided by o.
3
Let g(h) = 2475*h - 72. Let v be g(2). Suppose 13*o = 1960 + v. Calculate the remainder when o is divided by 44.
42
Let t(h) = h**3 + 13*h**2 + 9*h + 3. Let n be t(-6). Let w = 322 - n. Suppose b + 106 + w = 5*g, g = -2*b + 52. What is the remainder when g is divided by 7?
4
Suppose 0 = -0*s - 3*s + 2*c + 267, 2*s = 3*c + 183. What is the remainder when s is divided by ((5700/125)/4)/(6/10)?
11
Suppose -309 = -y - 2*g - 78, 5*g - 1130 = -5*y. Suppose 2*u - 105 = -5*u. Suppose 0 = u*v - 16*v + y. Calculate the remainder when v is divided by 37.
36
Calculate the remainder when 7028 is divided by (32 + (-1470)/(-84))/((-2)/(-4)).
98
Let y = -217 - -293. Suppose 0 = -55*d + 46*d + 306. Calculate the remainder when y is divided by d.
8
Suppose -7*r = -r - 834. Suppose -55 = 7*v - r. Suppose -q - i = -14, -v = 2*i + 2*i. What is the remainder when q is divided by 9?
8
Let f be (-6)/4 - 2244/(-8). Let t = -133 + f. Calculate the remainder when t is divided by 15.
11
What is the remainder when 714 is divided by ((-2768)/28)/(-18 + (-124)/(-7))?
22
Suppose 3*i + 999 = -0*o + 3*o, 4*o = -5*i - 1665. Let w = 359 + i. What is the remainder when 72 is divided by w?
20
Suppose 3*z + 0*z = -63. Let m = 67 + z. Suppose 2*k + 623 = 3*f + 346, -2*k = 5*f - 419. What is the remainder when f is divided by m?
41
Let m(c) = -4*c + 18. Let g be m(6). Let r be 0 - (g + (-3 - -4)). Suppose -r*n + 11 - 46 = -2*u, 2*n = u - 15. What is the remainder when 17 is divided by u?
2
Suppose -2*i + 595 = -4*q - 189, -3*i + 1176 = q. What is the remainder when 21 is divided by (i/35 - 4) + (-4)/(-5)?
5
Suppose 48 = 4*b - 68. Suppose -3*h = 5*o - 4, -4*o + o = -5*h + 18. Suppose 0 = -m + h*m - 224. What is the remainder when m is divided by b?
25
Suppose o - 48 = 5*r, 3*r = -3*o + 36 + 36. Let w(y) = -y**2 - 19*y - 63. What is the remainder when o is divided by w(-6)?
13
Let y(l) = -l**3 - 19*l**2 - 106*l + 23. What is the remainder when y(-14) is divided by 67?
58
Let m(r) = 2*r**2 - 24*r + 44. Let a be m(9). Let b(i) = -i**2 - 14*i - 24. What is the remainder when 92 is divided by b(a)?
12
Suppose 11702*b = 11698*b + 704. What is the remainder when b is divided by 70?
36
Calculate the remainder when 587 is divided by ((-16)/36)/2 + 0 + 2679/27.
92
Suppose -97 = -4*q + 3*c, 23*c - 22*c = -2*q + 41. Calculate the remainder when 1173 is divided by q.
7
Let q(u) be the third derivative of -u**5/60 - 5*u**4/8 + 29*u**3/6 - u**2 - 10. What is the remainder when 156 is divided by q(-13)?
46
Suppose 5*u + 153 = l, -9*l + 7*l + u = -324. What is the remainder when 596 is divided by l?
107
Suppose -3260 = -9*d + 17278. Calculate the remainder when d is divided by 13.
7
Let j(s) = 9*s + 16. Let h(t) = 7*t + 15. Let d(i) = -3*h(i) + 2*j(i). What is the remainder when d(-18) is divided by 7?
6
Suppose p + 2*t + 3643 = 2*p, -3608 = -p - 5*t. Let h = 127 + -17. What is the remainder when h is divided by p/126 + (0 - 1/(-6))?
23
Let c(o) = 3*o**3 + 10*o**2 - 21*o - 34. What is the remainder when c(8) is divided by 52?
50
Let t(h) = -108*h + 242. Let w(i) = 54*i - 119. Let a(f) = -4*t(f) - 7*w(f). Suppose 296 = 4*c - 128. What is the remainder when c is divided by a(3)?
25
Calculate the remainder when (-608)/(-28) - (12/7)/(-6) is divided by (-1)/(14/4) - 456/(-28).
6
Suppose -d - 2753 - 5117 = -2*o, -3*o + 11802 = -d. What is the remainder when o is divided by 32?
28
Suppose 8*a = 4*a - 164. Let c be (-7)/(-2)*(1 - 3/6)*-12. Let k = c - a. What is the remainder when 59 is divided by k?
19
Suppose 5 + 10 = 5*k. Suppose 0 = -5*g - k + 13, -4*a - 4*g = -24. Calculate the remainder when 2 is divided by -5 + (-440)/(-75) + a/30.
0
Let x = -138 + 145. Suppose -4*i - 5*r - 125 = -0*r, -92 = 3*i + 2*r. What is the remainder when 10/i + (-100)/(-3) is divided by x?
5
Calculate the remainder when 26458 is divided by 1238/(-619)*14*(-14)/8.
47
Let t(z) = 28*z + 221. Suppose 5*y = 15 + 10, 4*y - 15 = -k. What is the remainder when t(k) is divided by 30?
21
Suppose -5*w - 55 - 80 = 0. Let v = -22 - w. What is the remainder when (v/(-2))/(7/(-224)) is divided by 41?
39
Suppose 3*z - 14 = 67. Suppose -3*d + 5*d = -10. Calculate the remainder when z is divided by 13 + (-6 - d - -6).
9
Let l(y) = -695*y + 2175. Calculate the remainder when 860 is divided by l(3).
50
Suppose 9*y - 35*y + 10958 + 7476 = 0. Calculate the remainder when y is divided by 71.
70
Suppose 668*j + 2*o - 15 = 663*j, 0 = -j - 2*o + 3. L